{"id":94,"date":"2026-02-26T09:17:06","date_gmt":"2026-02-26T08:17:06","guid":{"rendered":"https:\/\/mo2026.jaroska.cz\/?page_id=94"},"modified":"2026-03-21T08:40:35","modified_gmt":"2026-03-21T07:40:35","slug":"aktuality","status":"publish","type":"page","link":"https:\/\/mo2026.jaroska.cz\/index.php\/aktuality\/","title":{"rendered":"Aktuality"},"content":{"rendered":"\n<p>21. 3. 2026 \u2013 do sekce\u00a0<a href=\"https:\/\/mo2026.jaroska.cz\/index.php\/media\/\">M\u00e9dia<\/a>\u00a0byla p\u0159id\u00e1na fotogalerie sn\u00edmk\u016f z 2. sout\u011b\u017en\u00edho dne kategorie P i vyhl\u00e1\u0161en\u00ed v\u00fdsledk\u016f<\/p>\n\n\n\n<p>20. 3. 2026 \u2013 <a href=\"https:\/\/mo2026.jaroska.cz\/index.php\/vysledky\/\" data-type=\"page\" data-id=\"70\">v\u00fdsledky<\/a> \u00daK MO v kategorii P byly zve\u0159ejn\u011bny<\/p>\n\n\n\n<p>20. 3. 2026 \u2013 do sekce&nbsp;<a href=\"https:\/\/mo2026.jaroska.cz\/index.php\/media\/\">M\u00e9dia<\/a>&nbsp;byla p\u0159id\u00e1na fotogalerie sn\u00edmk\u016f z 1. sout\u011b\u017en\u00edho dne kategorie P<\/p>\n\n\n\n<p>20. 3. 2026 \u2013 do sekce&nbsp;<a href=\"https:\/\/mo2026.jaroska.cz\/index.php\/media\/\">M\u00e9dia<\/a>&nbsp;byla p\u0159id\u00e1na fotogalerie sn\u00edmk\u016f ze slavnostn\u00edho zah\u00e1jen\u00ed \u00daK MO kategorie P<\/p>\n\n\n\n<p>19. 3. 2026 \u2013 do sekce&nbsp;<a href=\"https:\/\/mo2026.jaroska.cz\/index.php\/media\/\">M\u00e9dia<\/a>&nbsp;byla p\u0159id\u00e1na fotogalerie sn\u00edmk\u016f ze slavnostn\u00edho zakon\u010den\u00ed \u00daK MO kategorie A<\/p>\n\n\n\n<p>19. .3. 2026 \u2013 v programu pro kategorii P byla provedena zm\u011bna<strong> (v p\u00e1tek r\u00e1no v 8.05 hodin si zavazadla z hotelu mus\u00ed v\u0161ichni \u00fa\u010dastn\u00edci odn\u00e9st s sebou na FI MUNI, v hotelu \u00faschovna zavazadel nebude)<\/strong><\/p>\n\n\n\n<p>18. 3. 2026 \u2013 <a href=\"https:\/\/mo2026.jaroska.cz\/index.php\/vysledky\/\" data-type=\"page\" data-id=\"70\">v\u00fdsledky<\/a> \u00daK MO v kategorii A byly zve\u0159ejn\u011bny<\/p>\n\n\n\n<p>18. 3. 2026 \u2013 v sekci&nbsp;<a href=\"https:\/\/mo2026.jaroska.cz\/index.php\/media\/\">M\u00e9dia<\/a>&nbsp;p\u0159ibyla fotogalerie sn\u00edmk\u016f z \u00fatern\u00edho odpoledn\u00edho a ve\u010dern\u00edho programu<\/p>\n\n\n\n<p>17. 3. 2026 \u2013 v sekci&nbsp;<a href=\"https:\/\/mo2026.jaroska.cz\/index.php\/media\/\">M\u00e9dia<\/a>&nbsp;p\u0159ibyla fotogalerie sn\u00edmk\u016f z pond\u011bln\u00edho odpoledn\u00edho a ve\u010dern\u00edho programu<\/p>\n\n\n\n<p>17. 3. 2026 \u2013 do sekce&nbsp;<a href=\"https:\/\/mo2026.jaroska.cz\/index.php\/media\/\">M\u00e9dia<\/a>&nbsp;byla p\u0159id\u00e1na fotogalerie dal\u0161\u00edch sn\u00edmk\u016f z ned\u011bln\u00edho zah\u00e1jen\u00ed<\/p>\n\n\n\n<p>16. 3. 2026 \u2013 do sekce&nbsp;<a href=\"https:\/\/mo2026.jaroska.cz\/index.php\/media\/\">M\u00e9dia<\/a>&nbsp;byla p\u0159id\u00e1na fotogalerie sn\u00edmk\u016f z pond\u011bln\u00edho sout\u011b\u017en\u00edho kl\u00e1n\u00ed<\/p>\n\n\n\n<p>16. 3. 2026 \u2013 do sekce <a href=\"https:\/\/mo2026.jaroska.cz\/index.php\/media\/\" data-type=\"page\" data-id=\"99\">M\u00e9dia<\/a> byla p\u0159id\u00e1na fotogalerie sn\u00edmk\u016f z ned\u011bln\u00edho slavnostn\u00edho zah\u00e1jen\u00ed na hv\u011bzd\u00e1rn\u011b<\/p>\n\n\n\n<p>12. 3. 2026 \u2013 byly provedeny drobn\u00e9 \u00fapravy programu posledn\u00edho sout\u011b\u017en\u00edho dne kategorie P<\/p>\n\n\n\n<p>2. 3. 2026 \u2013 str\u00e1nky MO byly napln\u011bny prvotn\u00edmi informacemi<\/p>\n\n\n\n<p><\/p>\n","protected":false},"excerpt":{"rendered":"<p>21. 3. 2026 \u2013 do sekce\u00a0M\u00e9dia\u00a0byla p\u0159id\u00e1na fotogalerie sn\u00edmk\u016f z 2. sout\u011b\u017en\u00edho dne kategorie P i vyhl\u00e1\u0161en\u00ed v\u00fdsledk\u016f 20. 3. 2026 \u2013 v\u00fdsledky \u00daK MO v kategorii P byly zve\u0159ejn\u011bny 20. 3. 2026 \u2013 do sekce&nbsp;M\u00e9dia&nbsp;byla p\u0159id\u00e1na fotogalerie sn\u00edmk\u016f z 1. sout\u011b\u017en\u00edho dne kategorie P 20. 3. 2026 \u2013 do sekce&nbsp;M\u00e9dia&nbsp;byla p\u0159id\u00e1na fotogalerie sn\u00edmk\u016f ze [&hellip;]<\/p>\n","protected":false},"author":1,"featured_media":0,"parent":0,"menu_order":0,"comment_status":"closed","ping_status":"closed","template":"","meta":{"footnotes":""},"class_list":["post-94","page","type-page","status-publish","hentry"],"_links":{"self":[{"href":"https:\/\/mo2026.jaroska.cz\/index.php\/wp-json\/wp\/v2\/pages\/94","targetHints":{"allow":["GET"]}}],"collection":[{"href":"https:\/\/mo2026.jaroska.cz\/index.php\/wp-json\/wp\/v2\/pages"}],"about":[{"href":"https:\/\/mo2026.jaroska.cz\/index.php\/wp-json\/wp\/v2\/types\/page"}],"author":[{"embeddable":true,"href":"https:\/\/mo2026.jaroska.cz\/index.php\/wp-json\/wp\/v2\/users\/1"}],"replies":[{"embeddable":true,"href":"https:\/\/mo2026.jaroska.cz\/index.php\/wp-json\/wp\/v2\/comments?post=94"}],"version-history":[{"count":15,"href":"https:\/\/mo2026.jaroska.cz\/index.php\/wp-json\/wp\/v2\/pages\/94\/revisions"}],"predecessor-version":[{"id":301,"href":"https:\/\/mo2026.jaroska.cz\/index.php\/wp-json\/wp\/v2\/pages\/94\/revisions\/301"}],"wp:attachment":[{"href":"https:\/\/mo2026.jaroska.cz\/index.php\/wp-json\/wp\/v2\/media?parent=94"}],"curies":[{"name":"wp","href":"https:\/\/api.w.org\/{rel}","templated":true}]}}

<p>21. 3. 2026 – do sekce <a href="https://mo2026.jaroska.cz/index.php/media/">Média</a> byla přidána fotogalerie snímků z 2. soutěžního dne kategorie P i vyhlášení výsledků</p>



<p>20. 3. 2026 – <a href="https://mo2026.jaroska.cz/index.php/vysledky/" data-type="page" data-id="70">výsledky</a> ÚK MO v kategorii P byly zveřejněny</p>



<p>20. 3. 2026 – do sekce&nbsp;<a href="https://mo2026.jaroska.cz/index.php/media/">Média</a>&nbsp;byla přidána fotogalerie snímků z 1. soutěžního dne kategorie P</p>



<p>20. 3. 2026 – do sekce&nbsp;<a href="https://mo2026.jaroska.cz/index.php/media/">Média</a>&nbsp;byla přidána fotogalerie snímků ze slavnostního zahájení ÚK MO kategorie P</p>



<p>19. 3. 2026 – do sekce&nbsp;<a href="https://mo2026.jaroska.cz/index.php/media/">Média</a>&nbsp;byla přidána fotogalerie snímků ze slavnostního zakončení ÚK MO kategorie A</p>



<p>19. .3. 2026 – v programu pro kategorii P byla provedena změna<strong> (v pátek ráno v 8.05 hodin si zavazadla z hotelu musí všichni účastníci odnést s sebou na FI MUNI, v hotelu úschovna zavazadel nebude)</strong></p>



<p>18. 3. 2026 – <a href="https://mo2026.jaroska.cz/index.php/vysledky/" data-type="page" data-id="70">výsledky</a> ÚK MO v kategorii A byly zveřejněny</p>



<p>18. 3. 2026 – v sekci&nbsp;<a href="https://mo2026.jaroska.cz/index.php/media/">Média</a>&nbsp;přibyla fotogalerie snímků z úterního odpoledního a večerního programu</p>



<p>17. 3. 2026 – v sekci&nbsp;<a href="https://mo2026.jaroska.cz/index.php/media/">Média</a>&nbsp;přibyla fotogalerie snímků z pondělního odpoledního a večerního programu</p>



<p>17. 3. 2026 – do sekce&nbsp;<a href="https://mo2026.jaroska.cz/index.php/media/">Média</a>&nbsp;byla přidána fotogalerie dalších snímků z nedělního zahájení</p>



<p>16. 3. 2026 – do sekce&nbsp;<a href="https://mo2026.jaroska.cz/index.php/media/">Média</a>&nbsp;byla přidána fotogalerie snímků z pondělního soutěžního klání</p>



<p>16. 3. 2026 – do sekce <a href="https://mo2026.jaroska.cz/index.php/media/" data-type="page" data-id="99">Média</a> byla přidána fotogalerie snímků z nedělního slavnostního zahájení na hvězdárně</p>



<p>12. 3. 2026 – byly provedeny drobné úpravy programu posledního soutěžního dne kategorie P</p>



<p>2. 3. 2026 – stránky MO byly naplněny prvotními informacemi</p>



<p></p>

<p>21. 3. 2026 – do sekce Média byla přidána fotogalerie snímků z 2. soutěžního dne kategorie P i vyhlášení výsledků 20. 3. 2026 – výsledky ÚK MO v kategorii P byly zveřejněny 20. 3. 2026 – do sekce&nbsp;Média&nbsp;byla přidána fotogalerie snímků z 1. soutěžního dne kategorie P 20. 3. 2026 – do sekce&nbsp;Média&nbsp;byla přidána fotogalerie snímků ze [&hellip;]</p>
