{"id":73,"date":"2026-02-25T11:45:49","date_gmt":"2026-02-25T10:45:49","guid":{"rendered":"https:\/\/mo2026.jaroska.cz\/?page_id=73"},"modified":"2026-03-06T16:18:58","modified_gmt":"2026-03-06T15:18:58","slug":"kontakty","status":"publish","type":"page","link":"https:\/\/mo2026.jaroska.cz\/index.php\/kontakty\/","title":{"rendered":"Kontakty"},"content":{"rendered":"\n<h2 class=\"wp-block-heading\">Po\u0159adatel\u00e9 75. \u00fast\u0159edn\u00edho kola MO<\/h2>\n\n\n\n<p>Mgr. Tom\u00e1\u0161 Ne\u010das, Ph.D., necas@jaroska.cz<br>\u0159editel Gymn\u00e1zia Brno, t\u0159\u00edda Kapit\u00e1na Jaro\u0161e<\/p>\n\n\n\n<p>RNDr. Ji\u0159\u00ed Herman, Ph.D., herman@jaroska.cz<br>p\u0159edseda krajsk\u00e9 komise MO JMK<\/p>\n\n\n\n<p>Mgr. Viktor Je\u017eek, jezek@jaroska.cz<br>tajemn\u00edk krajsk\u00e9 komise MO JMK<\/p>\n\n\n\n<h2 class=\"wp-block-heading\">Organiza\u010dn\u00ed zaji\u0161t\u011bn\u00ed sout\u011b\u017ee<\/h2>\n\n\n\n<p>Ubytov\u00e1n\u00ed a doprava: Mgr. Viktor Je\u017eek, jezek@jaroska.cz<br>Stravov\u00e1n\u00ed: Mgr. Jana S\u00edta\u0159ov\u00e1, sitarova@jaroska.cz<br>Web+IT slu\u017eby: Mgr. Marek Blaha, marba@jaroska.cz<br>Slavnostn\u00ed zah\u00e1jen\u00ed: Mgr. Tom\u00e1\u0161 Ne\u010das, Ph.D., necas@jaroska.cz<br>Slavnostn\u00ed zakon\u010den\u00ed: RNDr. Ji\u0159\u00ed Herman, Ph.D., herman@jaroska.cz<br>Odpoledn\u00ed programy: Mgr. Tom\u00e1\u0161 Ne\u010das, Ph.D., necas@jaroska.cz;<br>RNDr. Pavel Va\u0159ejka, varejka@jaroska.cz<br>Praktick\u00e1 program\u00e1torsk\u00e1 \u010d\u00e1st: RNDr. David Kla\u0161ka, Ph.D., klaska@jaroska.cz<br>Prezence a propl\u00e1cen\u00ed j\u00edzdn\u00e9ho: RNDr. Pavel Boucn\u00edk, boucnik@jaroska.cz<br>Studentsk\u00e1 slu\u017eba, pomocn\u00edci: RNDr. Pavel Va\u0159ejka, varejka@jaroska.cz<\/p>\n","protected":false},"excerpt":{"rendered":"<p>Po\u0159adatel\u00e9 75. \u00fast\u0159edn\u00edho kola MO Mgr. Tom\u00e1\u0161 Ne\u010das, Ph.D., necas@jaroska.cz\u0159editel Gymn\u00e1zia Brno, t\u0159\u00edda Kapit\u00e1na Jaro\u0161e RNDr. Ji\u0159\u00ed Herman, Ph.D., herman@jaroska.czp\u0159edseda krajsk\u00e9 komise MO JMK Mgr. Viktor Je\u017eek, jezek@jaroska.cztajemn\u00edk krajsk\u00e9 komise MO JMK Organiza\u010dn\u00ed zaji\u0161t\u011bn\u00ed sout\u011b\u017ee Ubytov\u00e1n\u00ed a doprava: Mgr. Viktor Je\u017eek, jezek@jaroska.czStravov\u00e1n\u00ed: Mgr. Jana S\u00edta\u0159ov\u00e1, sitarova@jaroska.czWeb+IT slu\u017eby: Mgr. Marek Blaha, marba@jaroska.czSlavnostn\u00ed zah\u00e1jen\u00ed: Mgr. Tom\u00e1\u0161 Ne\u010das, [&hellip;]<\/p>\n","protected":false},"author":1,"featured_media":0,"parent":0,"menu_order":0,"comment_status":"closed","ping_status":"closed","template":"","meta":{"footnotes":""},"class_list":["post-73","page","type-page","status-publish","hentry"],"_links":{"self":[{"href":"https:\/\/mo2026.jaroska.cz\/index.php\/wp-json\/wp\/v2\/pages\/73","targetHints":{"allow":["GET"]}}],"collection":[{"href":"https:\/\/mo2026.jaroska.cz\/index.php\/wp-json\/wp\/v2\/pages"}],"about":[{"href":"https:\/\/mo2026.jaroska.cz\/index.php\/wp-json\/wp\/v2\/types\/page"}],"author":[{"embeddable":true,"href":"https:\/\/mo2026.jaroska.cz\/index.php\/wp-json\/wp\/v2\/users\/1"}],"replies":[{"embeddable":true,"href":"https:\/\/mo2026.jaroska.cz\/index.php\/wp-json\/wp\/v2\/comments?post=73"}],"version-history":[{"count":7,"href":"https:\/\/mo2026.jaroska.cz\/index.php\/wp-json\/wp\/v2\/pages\/73\/revisions"}],"predecessor-version":[{"id":202,"href":"https:\/\/mo2026.jaroska.cz\/index.php\/wp-json\/wp\/v2\/pages\/73\/revisions\/202"}],"wp:attachment":[{"href":"https:\/\/mo2026.jaroska.cz\/index.php\/wp-json\/wp\/v2\/media?parent=73"}],"curies":[{"name":"wp","href":"https:\/\/api.w.org\/{rel}","templated":true}]}}

<h2 class="wp-block-heading">Pořadatelé 75. ústředního kola MO</h2>



<p>Mgr. Tomáš Nečas, Ph.D., necas@jaroska.cz<br>ředitel Gymnázia Brno, třída Kapitána Jaroše</p>



<p>RNDr. Jiří Herman, Ph.D., herman@jaroska.cz<br>předseda krajské komise MO JMK</p>



<p>Mgr. Viktor Ježek, jezek@jaroska.cz<br>tajemník krajské komise MO JMK</p>



<h2 class="wp-block-heading">Organizační zajištění soutěže</h2>



<p>Ubytování a doprava: Mgr. Viktor Ježek, jezek@jaroska.cz<br>Stravování: Mgr. Jana Sítařová, sitarova@jaroska.cz<br>Web+IT služby: Mgr. Marek Blaha, marba@jaroska.cz<br>Slavnostní zahájení: Mgr. Tomáš Nečas, Ph.D., necas@jaroska.cz<br>Slavnostní zakončení: RNDr. Jiří Herman, Ph.D., herman@jaroska.cz<br>Odpolední programy: Mgr. Tomáš Nečas, Ph.D., necas@jaroska.cz;<br>RNDr. Pavel Vařejka, varejka@jaroska.cz<br>Praktická programátorská část: RNDr. David Klaška, Ph.D., klaska@jaroska.cz<br>Prezence a proplácení jízdného: RNDr. Pavel Boucník, boucnik@jaroska.cz<br>Studentská služba, pomocníci: RNDr. Pavel Vařejka, varejka@jaroska.cz</p>

<p>Pořadatelé 75. ústředního kola MO Mgr. Tomáš Nečas, Ph.D., necas@jaroska.czředitel Gymnázia Brno, třída Kapitána Jaroše RNDr. Jiří Herman, Ph.D., herman@jaroska.czpředseda krajské komise MO JMK Mgr. Viktor Ježek, jezek@jaroska.cztajemník krajské komise MO JMK Organizační zajištění soutěže Ubytování a doprava: Mgr. Viktor Ježek, jezek@jaroska.czStravování: Mgr. Jana Sítařová, sitarova@jaroska.czWeb+IT služby: Mgr. Marek Blaha, marba@jaroska.czSlavnostní zahájení: Mgr. Tomáš Nečas, [&hellip;]</p>
