{"id":63,"date":"2026-02-25T11:15:48","date_gmt":"2026-02-25T10:15:48","guid":{"rendered":"https:\/\/mo2026.jaroska.cz\/?page_id=63"},"modified":"2026-03-06T16:21:07","modified_gmt":"2026-03-06T15:21:07","slug":"mista","status":"publish","type":"page","link":"https:\/\/mo2026.jaroska.cz\/index.php\/mista\/","title":{"rendered":"M\u00edsta"},"content":{"rendered":"\n<div class=\"wp-block-group is-layout-grid wp-container-core-group-is-layout-6349bc23 wp-block-group-is-layout-grid\">\n<div class=\"wp-block-group has-global-padding is-layout-constrained wp-block-group-is-layout-constrained\">\n<h2 class=\"wp-block-heading\">Hotel Avanti <\/h2>\n\n\n\n<p>ubytov\u00e1n\u00ed a stravov\u00e1n\u00ed v\u0161ech \u00fa\u010dastn\u00edk\u016f<br>s\u00e1ly pro sout\u011b\u017ee<\/p>\n\n\n\n<p>St\u0159edn\u00ed 61, 602 00 Brno<br><a href=\"https:\/\/www.hotelavanti.cz\/\">https:\/\/www.hotelavanti.cz\/<\/a><\/p>\n\n\n\n<iframe loading=\"lazy\" style=\"border:none\" src=\"https:\/\/mapy.com\/s\/juzahecara\" width=\"90%\" height=\"280\" frameborder=\"0\"><\/iframe>\n<\/div>\n\n\n\n<div class=\"wp-block-group has-global-padding is-layout-constrained wp-block-group-is-layout-constrained\">\n<h2 class=\"wp-block-heading\">Hv\u011bzd\u00e1rna a planet\u00e1rium Brno<\/h2>\n\n\n\n<p>slavnostn\u00ed zah\u00e1jen\u00ed a raut<\/p>\n\n\n\n<p>Krav\u00ed hora 2, 616 00 Brno<br><a href=\"https:\/\/www.hvezdarna.cz\/\">https:\/\/www.hvezdarna.cz\/<\/a><\/p>\n\n\n\n<iframe loading=\"lazy\" style=\"border:none\" src=\"https:\/\/mapy.com\/s\/kabocejado\" width=\"90%\" height=\"280\" frameborder=\"0\"><\/iframe>\n<\/div>\n\n\n\n<div class=\"wp-block-group has-global-padding is-layout-constrained wp-block-group-is-layout-constrained\">\n<h2 class=\"wp-block-heading\">Jo\u0161t Moravsk\u00fd \u2013 socha<\/h2>\n\n\n\n<p>m\u00edsto srazu na prohl\u00eddku Brna<br>(v pond\u011bl\u00ed pro kat. A, ve \u010dtvrtek pro kat. P)<\/p>\n\n\n\n<p>Moravsk\u00e9 n\u00e1m\u011bst\u00ed, Brno (viz mapka)<\/p>\n\n\n\n<iframe loading=\"lazy\" style=\"border:none\" src=\"https:\/\/mapy.com\/s\/kovevureje\" width=\"90%\" height=\"280\" frameborder=\"0\"><\/iframe>\n<\/div>\n\n\n\n<div class=\"wp-block-group has-global-padding is-layout-constrained wp-block-group-is-layout-constrained\">\n<h2 class=\"wp-block-heading\">Mendelovo muzeum<\/h2>\n\n\n\n<p>\u00fatern\u00ed odpoledn\u00ed program<\/p>\n\n\n\n<p>Mendlovo n\u00e1m\u011bst\u00ed 907\/1a, 60300 Brno<br><a href=\"https:\/\/mendelmuseum.muni.cz\/\">https:\/\/mendelmuseum.muni.cz\/<\/a><\/p>\n\n\n\n<iframe loading=\"lazy\" style=\"border:none\" src=\"https:\/\/mapy.com\/s\/mabodabelo\" width=\"90%\" height=\"280\" frameborder=\"0\"><\/iframe>\n<\/div>\n\n\n\n<div class=\"wp-block-group has-global-padding is-layout-constrained wp-block-group-is-layout-constrained\">\n<h2 class=\"wp-block-heading\">Fakulta informatiky MU Brno<\/h2>\n\n\n\n<p>po\u010d\u00edta\u010dov\u00e9 u\u010debny pro kategorii P<\/p>\n\n\n\n<p>Botanick\u00e1 68a, 602 00 Brno<br><a href=\"https:\/\/www.fi.muni.cz\/\">https:\/\/www.fi.muni.cz\/<\/a><\/p>\n\n\n\n<iframe loading=\"lazy\" style=\"border:none\" src=\"https:\/\/mapy.com\/s\/cumerasomu\" width=\"90%\" height=\"280\" frameborder=\"0\"><\/iframe>\n<\/div>\n\n\n\n<div class=\"wp-block-group has-global-padding is-layout-constrained wp-block-group-is-layout-constrained\"><\/div>\n<\/div>\n","protected":false},"excerpt":{"rendered":"<p>Hotel Avanti ubytov\u00e1n\u00ed a stravov\u00e1n\u00ed v\u0161ech \u00fa\u010dastn\u00edk\u016fs\u00e1ly pro sout\u011b\u017ee St\u0159edn\u00ed 61, 602 00 Brnohttps:\/\/www.hotelavanti.cz\/ Hv\u011bzd\u00e1rna a planet\u00e1rium Brno slavnostn\u00ed zah\u00e1jen\u00ed a raut Krav\u00ed hora 2, 616 00 Brnohttps:\/\/www.hvezdarna.cz\/ Jo\u0161t Moravsk\u00fd \u2013 socha m\u00edsto srazu na prohl\u00eddku Brna(v pond\u011bl\u00ed pro kat. A, ve \u010dtvrtek pro kat. P) Moravsk\u00e9 n\u00e1m\u011bst\u00ed, Brno (viz mapka) Mendelovo muzeum \u00fatern\u00ed odpoledn\u00ed [&hellip;]<\/p>\n","protected":false},"author":1,"featured_media":0,"parent":0,"menu_order":0,"comment_status":"closed","ping_status":"closed","template":"","meta":{"footnotes":""},"class_list":["post-63","page","type-page","status-publish","hentry"],"_links":{"self":[{"href":"https:\/\/mo2026.jaroska.cz\/index.php\/wp-json\/wp\/v2\/pages\/63","targetHints":{"allow":["GET"]}}],"collection":[{"href":"https:\/\/mo2026.jaroska.cz\/index.php\/wp-json\/wp\/v2\/pages"}],"about":[{"href":"https:\/\/mo2026.jaroska.cz\/index.php\/wp-json\/wp\/v2\/types\/page"}],"author":[{"embeddable":true,"href":"https:\/\/mo2026.jaroska.cz\/index.php\/wp-json\/wp\/v2\/users\/1"}],"replies":[{"embeddable":true,"href":"https:\/\/mo2026.jaroska.cz\/index.php\/wp-json\/wp\/v2\/comments?post=63"}],"version-history":[{"count":14,"href":"https:\/\/mo2026.jaroska.cz\/index.php\/wp-json\/wp\/v2\/pages\/63\/revisions"}],"predecessor-version":[{"id":205,"href":"https:\/\/mo2026.jaroska.cz\/index.php\/wp-json\/wp\/v2\/pages\/63\/revisions\/205"}],"wp:attachment":[{"href":"https:\/\/mo2026.jaroska.cz\/index.php\/wp-json\/wp\/v2\/media?parent=63"}],"curies":[{"name":"wp","href":"https:\/\/api.w.org\/{rel}","templated":true}]}}