{"id":56,"date":"2026-02-25T10:30:24","date_gmt":"2026-02-25T09:30:24","guid":{"rendered":"https:\/\/mo2026.jaroska.cz\/?page_id=56"},"modified":"2026-03-19T22:38:06","modified_gmt":"2026-03-19T21:38:06","slug":"program","status":"publish","type":"page","link":"https:\/\/mo2026.jaroska.cz\/index.php\/program\/","title":{"rendered":"Program"},"content":{"rendered":"\n<div class=\"wp-block-buttons is-layout-flex wp-block-buttons-is-layout-flex\">\n<div class=\"wp-block-button\"><a class=\"wp-block-button__link wp-element-button\" href=\"#kategoriea\">Kategorie A<\/a><\/div>\n\n\n\n<div class=\"wp-block-button\"><a class=\"wp-block-button__link wp-element-button\" href=\"#kategoriep\">Kategorie P<\/a><\/div>\n<\/div>\n\n\n\n<div class=\"wp-block-columns is-layout-flex wp-container-core-columns-is-layout-28f84493 wp-block-columns-is-layout-flex\">\n<div class=\"wp-block-column is-layout-flow wp-block-column-is-layout-flow\">\n<h2 class=\"wp-block-heading\" id=\"kategoriea\">Program kategorie A<\/h2>\n\n\n\n<h3 class=\"wp-block-heading has-text-align-left\">Ned\u011ble 15. 3. 2026<\/h3>\n\n\n\n<figure class=\"wp-block-table is-style-regular\"><table class=\"has-fixed-layout\"><tbody><tr><td>14.00\u201318.00<\/td><td>prezence v hotelu AVANTI<\/td><\/tr><tr><td>18.30<\/td><td>spole\u010dn\u00fd odjezd autobusu od hotelu na hv\u011bzd\u00e1rnu<\/td><\/tr><tr><td>19.00\u201322.30<\/td><td>hv\u011bzd\u00e1rna \u2013 slavnostn\u00ed zah\u00e1jen\u00ed a&nbsp;n\u00e1sledn\u00fd raut<\/td><\/tr><tr><td>21.30<\/td><td>odjezd autobusu se sout\u011b\u017e\u00edc\u00edmi z&nbsp;hv\u011bzd\u00e1rny do hotelu<\/td><\/tr><tr><td>22.30<\/td><td>odjezd autobusu s hosty z rautu do hotelu<\/td><\/tr><\/tbody><\/table><\/figure>\n\n\n\n<h3 class=\"wp-block-heading has-text-align-left\">Pond\u011bl\u00ed 16. 3. 2026<\/h3>\n\n\n\n<figure class=\"wp-block-table\"><table class=\"has-fixed-layout\"><tbody><tr><td>7.00\u20138.15<\/td><td>sn\u00eddan\u011b formou \u0161v\u00e9dsk\u00fdch stol\u016f v&nbsp;hotelu AVANTI<\/td><\/tr><tr><td>8.30\u201313.00<\/td><td>vlastn\u00ed sout\u011b\u017e v prostor\u00e1ch hotelu AVANTI<\/td><\/tr><tr><td>9.00\u201312.00<\/td><td>sch\u016fze komise v salonku v prvn\u00edm pat\u0159e hotelu AVANTI<\/td><\/tr><tr><td>13.00\u201314.00<\/td><td>ob\u011bd v hotelu AVANTI<\/td><\/tr><tr><td>14.00<\/td><td>opravy \u0159e\u0161itelsk\u00fdch protokol\u016f na pokoj\u00edch opravovatel\u016f<\/td><\/tr><tr><td>14.30<\/td><td>spole\u010dn\u00fd odchod na prohl\u00eddku m\u011bsta Brna s pr\u016fvodci<\/td><\/tr><tr><td>18.00<\/td><td>ve\u010de\u0159e v hotelu AVANTI, sout\u011b\u017e\u00edc\u00ed voln\u00fd ve\u010dern\u00ed program<\/td><\/tr><tr><td>20.00\u201324.00<\/td><td>mimo\u0159\u00e1dn\u00e1 sch\u016fze \u00fast\u0159edn\u00ed komise mimo hotel<br>(19.45 spole\u010dn\u00fd odchod \u010dlen\u016f \u00daK MO z recepce hotelu)<\/td><\/tr><\/tbody><\/table><\/figure>\n\n\n\n<h3 class=\"wp-block-heading has-text-align-left\">\u00dater\u00fd 17. 3. 2026<\/h3>\n\n\n\n<figure class=\"wp-block-table\"><table class=\"has-fixed-layout\"><tbody><tr><td>7.00\u20138.15<\/td><td>sn\u00eddan\u011b formou \u0161v\u00e9dsk\u00fdch stol\u016f v&nbsp;hotelu AVANTI<\/td><\/tr><tr><td>8.30\u201313.00<\/td><td>vlastn\u00ed sout\u011b\u017e v prostor\u00e1ch hotelu AVANTI<\/td><\/tr><tr><td>13.00\u201314.00<\/td><td>ob\u011bd v hotelu AVANTI<\/td><\/tr><tr><td>14.00<\/td><td>opravy \u0159e\u0161itelsk\u00fdch protokol\u016f na pokoj\u00edch opravovatel\u016f<\/td><\/tr><tr><td>15.00<\/td><td>spole\u010dn\u00fd odchod na prohl\u00eddku Mendelova muzea<\/td><\/tr><tr><td>18.00<\/td><td>ve\u010de\u0159e a ve\u010dern\u00ed program ve vin\u00e1rn\u011b U Kr\u00e1lovny Eli\u0161ky<\/td><\/tr><tr><td>20.00\u201321.30<\/td><td>samostatn\u00e9 odjezdy z vin\u00e1rny U Kr\u00e1lovny Eli\u0161ky do hotelu AVANTI<\/td><\/tr><\/tbody><\/table><\/figure>\n\n\n\n<h3 class=\"wp-block-heading has-text-align-left\">St\u0159eda 18. 3. 2026<\/h3>\n\n\n\n<figure class=\"wp-block-table\"><table class=\"has-fixed-layout\"><tbody><tr><td>8.30\u20139.45<\/td><td>sn\u00eddan\u011b formou \u0161v\u00e9dsk\u00fdch stol\u016f v&nbsp;hotelu AVANTI<\/td><\/tr><tr><td>do 10.00<\/td><td>vyklizen\u00ed pokoj\u016f (neplat\u00ed pro pokra\u010duj\u00edc\u00ed v kat. P)<\/td><\/tr><tr><td>10.15<\/td><td>spole\u010dn\u00fd odjezd autobusem na m\u00edsto vyhl\u00e1\u0161en\u00ed<\/td><\/tr><tr><td>11.00<\/td><td>vyhl\u00e1\u0161en\u00ed v\u00fdsledk\u016f ve Sn\u011bmovn\u00edm s\u00e1le m\u011bsta Brna<\/td><\/tr><tr><td>po skon\u010den\u00ed<\/td><td>samostatn\u00fd odjezd \u00fa\u010dastn\u00edk\u016f, kte\u0159\u00ed nepokra\u010duj\u00ed kat. P<\/td><\/tr><\/tbody><\/table><\/figure>\n\n\n\n<p class=\"has-text-align-center\">&nbsp;&nbsp;<\/p>\n<\/div>\n\n\n\n<div class=\"wp-block-column is-layout-flow wp-block-column-is-layout-flow\">\n<h2 class=\"wp-block-heading\" id=\"kategoriep\">Program kategorie P<\/h2>\n\n\n\n<h3 class=\"wp-block-heading has-text-align-left\">St\u0159eda 18. 3. 2026<\/h3>\n\n\n\n<figure class=\"wp-block-table\"><table class=\"has-fixed-layout\"><tbody><tr><td>13.00\u201314.00<\/td><td>ob\u011bd v hotelu AVANTI (pouze pro \u00fa\u010dastn\u00edky kat. A i P)<\/td><\/tr><tr><td>14.00\u201318.00<\/td><td>prezence nov\u011b p\u0159\u00edchoz\u00edch v kat. P v&nbsp;hotelu AVANTI<\/td><\/tr><tr><td>18.10<\/td><td>p\u0159edstaven\u00ed sout\u011b\u017ee v hotelu AVANTI<\/td><\/tr><tr><td>18.40<\/td><td>spole\u010dn\u00fd odjezd autobusu od hotelu na hv\u011bzd\u00e1rnu<\/td><\/tr><tr><td>19.00\u201321.30<\/td><td>hv\u011bzd\u00e1rna \u2013 slavnostn\u00ed zah\u00e1jen\u00ed a&nbsp;n\u00e1sledn\u00fd raut<\/td><\/tr><tr><td>21.30<\/td><td>spole\u010dn\u00fd odjezd autobusu z&nbsp;hv\u011bzd\u00e1rny do hotelu AVANTI<\/td><\/tr><\/tbody><\/table><\/figure>\n\n\n\n<h3 class=\"wp-block-heading has-text-align-left\" id=\"kategorieakomise\">\u010ctvrtek 19. 3. 2026<\/h3>\n\n\n\n<figure class=\"wp-block-table\"><table class=\"has-fixed-layout\"><tbody><tr><td>7.00\u20138.15<\/td><td>sn\u00eddan\u011b formou \u0161v\u00e9dsk\u00fdch stol\u016f v&nbsp;hotelu AVANTI<\/td><\/tr><tr><td>8.30\u201313.00<\/td><td>vlastn\u00ed sout\u011b\u017e v prostor\u00e1ch hotelu AVANTI<\/td><\/tr><tr><td>13.00\u201314.00<\/td><td>ob\u011bd v hotelu AVANTI<\/td><\/tr><tr><td>14.00<\/td><td>opravy \u0159e\u0161itelsk\u00fdch protokol\u016f na pokoj\u00edch opravovatel\u016f<\/td><\/tr><tr><td>14.15<\/td><td>spole\u010dn\u00fd odchod na prohl\u00eddku m\u011bsta Brna s pr\u016fvodci<\/td><\/tr><tr><td>17.30<\/td><td>ve\u010de\u0159e v hotelu AVANTI<\/td><\/tr><tr><td>18.00<\/td><td>spole\u010dn\u00fd odchod sout\u011b\u017e\u00edc\u00edch na FI MUNI<\/td><\/tr><tr><td>18.15\u201320.30<\/td><td>cvi\u010dn\u00e1 praxe sout\u011b\u017e\u00edc\u00edch v sout\u011b\u017en\u00edm rozhran\u00ed<\/td><\/tr><tr><td>20.30<\/td><td>samostatn\u00fd odchod sout\u011b\u017e\u00edc\u00edch do hotelu AVANTI<\/td><\/tr><\/tbody><\/table><\/figure>\n\n\n\n<h3 class=\"wp-block-heading has-text-align-left\">P\u00e1tek 20. 3. 2026<\/h3>\n\n\n\n<figure class=\"wp-block-table\"><table class=\"has-fixed-layout\"><tbody><tr><td>7.00\u20137.45<\/td><td>sn\u00eddan\u011b formou \u0161v\u00e9dsk\u00fdch stol\u016f v&nbsp;hotelu AVANTI<\/td><\/tr><tr><td>do 8.00<\/td><td>vyklizen\u00ed pokoj\u016f v hotelu AVANTI <strong>(POZOR ZM\u011aNA)<\/strong><\/td><\/tr><tr><td>8.05<\/td><td>spole\u010dn\u00fd odchod <strong>SE V\u0160EMI ZAVAZADLY<\/strong>\u00a0na FI MUNI na praktickou \u010d\u00e1st sout\u011b\u017ee <strong>(POZOR ZM\u011aNA)<\/strong><\/td><\/tr><tr><td>8.30\u201313.00<\/td><td>vlastn\u00ed sout\u011b\u017e na FI MUNI \u2013 praktick\u00e1 \u010d\u00e1st<\/td><\/tr><tr><td>13.00<\/td><td>samostatn\u00fd odchod sout\u011b\u017e\u00edc\u00edch zp\u011bt do hotelu<\/td><\/tr><tr><td>13.15<\/td><td>ob\u011bd v hotelu AVANTI<\/td><\/tr><tr><td>13.45<\/td><td>samostatn\u00fd odchod na FI MUNI<\/td><\/tr><tr><td>14.00<\/td><td>prohl\u00e9dnut\u00ed v\u00fdsledk\u016f praktick\u00e9 \u010d\u00e1sti<\/td><\/tr><tr><td>14.30<\/td><td>program pro sout\u011b\u017e\u00edc\u00ed na FI MUNI<\/td><\/tr><tr><td>15.30<\/td><td>vyhl\u00e1\u0161en\u00ed v\u00fdsledk\u016f v budov\u011b FI MUNI<\/td><\/tr><tr><td>po skon\u010den\u00ed<\/td><td>samostatn\u00fd odjezd \u00fa\u010dastn\u00edk\u016f<\/td><\/tr><\/tbody><\/table><\/figure>\n<\/div>\n<\/div>\n","protected":false},"excerpt":{"rendered":"<p>Program kategorie A Ned\u011ble 15. 3. 2026 14.00\u201318.00 prezence v hotelu AVANTI 18.30 spole\u010dn\u00fd odjezd autobusu od hotelu na hv\u011bzd\u00e1rnu 19.00\u201322.30 hv\u011bzd\u00e1rna \u2013 slavnostn\u00ed zah\u00e1jen\u00ed a&nbsp;n\u00e1sledn\u00fd raut 21.30 odjezd autobusu se sout\u011b\u017e\u00edc\u00edmi z&nbsp;hv\u011bzd\u00e1rny do hotelu 22.30 odjezd autobusu s hosty z rautu do hotelu Pond\u011bl\u00ed 16. 3. 2026 7.00\u20138.15 sn\u00eddan\u011b formou \u0161v\u00e9dsk\u00fdch stol\u016f v&nbsp;hotelu AVANTI [&hellip;]<\/p>\n","protected":false},"author":1,"featured_media":0,"parent":0,"menu_order":0,"comment_status":"closed","ping_status":"closed","template":"","meta":{"footnotes":""},"class_list":["post-56","page","type-page","status-publish","hentry"],"_links":{"self":[{"href":"https:\/\/mo2026.jaroska.cz\/index.php\/wp-json\/wp\/v2\/pages\/56","targetHints":{"allow":["GET"]}}],"collection":[{"href":"https:\/\/mo2026.jaroska.cz\/index.php\/wp-json\/wp\/v2\/pages"}],"about":[{"href":"https:\/\/mo2026.jaroska.cz\/index.php\/wp-json\/wp\/v2\/types\/page"}],"author":[{"embeddable":true,"href":"https:\/\/mo2026.jaroska.cz\/index.php\/wp-json\/wp\/v2\/users\/1"}],"replies":[{"embeddable":true,"href":"https:\/\/mo2026.jaroska.cz\/index.php\/wp-json\/wp\/v2\/comments?post=56"}],"version-history":[{"count":21,"href":"https:\/\/mo2026.jaroska.cz\/index.php\/wp-json\/wp\/v2\/pages\/56\/revisions"}],"predecessor-version":[{"id":289,"href":"https:\/\/mo2026.jaroska.cz\/index.php\/wp-json\/wp\/v2\/pages\/56\/revisions\/289"}],"wp:attachment":[{"href":"https:\/\/mo2026.jaroska.cz\/index.php\/wp-json\/wp\/v2\/media?parent=56"}],"curies":[{"name":"wp","href":"https:\/\/api.w.org\/{rel}","templated":true}]}}

<div class="wp-block-buttons is-layout-flex wp-block-buttons-is-layout-flex">
<div class="wp-block-button"><a class="wp-block-button__link wp-element-button" href="#kategoriea">Kategorie A</a></div>



<div class="wp-block-button"><a class="wp-block-button__link wp-element-button" href="#kategoriep">Kategorie P</a></div>
</div>



<div class="wp-block-columns is-layout-flex wp-container-core-columns-is-layout-28f84493 wp-block-columns-is-layout-flex">
<div class="wp-block-column is-layout-flow wp-block-column-is-layout-flow">
<h2 class="wp-block-heading" id="kategoriea">Program kategorie A</h2>



<h3 class="wp-block-heading has-text-align-left">Neděle 15. 3. 2026</h3>



<figure class="wp-block-table is-style-regular"><table class="has-fixed-layout"><tbody><tr><td>14.00–18.00</td><td>prezence v hotelu AVANTI</td></tr><tr><td>18.30</td><td>společný odjezd autobusu od hotelu na hvězdárnu</td></tr><tr><td>19.00–22.30</td><td>hvězdárna – slavnostní zahájení a&nbsp;následný raut</td></tr><tr><td>21.30</td><td>odjezd autobusu se soutěžícími z&nbsp;hvězdárny do hotelu</td></tr><tr><td>22.30</td><td>odjezd autobusu s hosty z rautu do hotelu</td></tr></tbody></table></figure>



<h3 class="wp-block-heading has-text-align-left">Pondělí 16. 3. 2026</h3>



<figure class="wp-block-table"><table class="has-fixed-layout"><tbody><tr><td>7.00–8.15</td><td>snídaně formou švédských stolů v&nbsp;hotelu AVANTI</td></tr><tr><td>8.30–13.00</td><td>vlastní soutěž v prostorách hotelu AVANTI</td></tr><tr><td>9.00–12.00</td><td>schůze komise v salonku v prvním patře hotelu AVANTI</td></tr><tr><td>13.00–14.00</td><td>oběd v hotelu AVANTI</td></tr><tr><td>14.00</td><td>opravy řešitelských protokolů na pokojích opravovatelů</td></tr><tr><td>14.30</td><td>společný odchod na prohlídku města Brna s průvodci</td></tr><tr><td>18.00</td><td>večeře v hotelu AVANTI, soutěžící volný večerní program</td></tr><tr><td>20.00–24.00</td><td>mimořádná schůze ústřední komise mimo hotel<br>(19.45 společný odchod členů ÚK MO z recepce hotelu)</td></tr></tbody></table></figure>



<h3 class="wp-block-heading has-text-align-left">Úterý 17. 3. 2026</h3>



<figure class="wp-block-table"><table class="has-fixed-layout"><tbody><tr><td>7.00–8.15</td><td>snídaně formou švédských stolů v&nbsp;hotelu AVANTI</td></tr><tr><td>8.30–13.00</td><td>vlastní soutěž v prostorách hotelu AVANTI</td></tr><tr><td>13.00–14.00</td><td>oběd v hotelu AVANTI</td></tr><tr><td>14.00</td><td>opravy řešitelských protokolů na pokojích opravovatelů</td></tr><tr><td>15.00</td><td>společný odchod na prohlídku Mendelova muzea</td></tr><tr><td>18.00</td><td>večeře a večerní program ve vinárně U Královny Elišky</td></tr><tr><td>20.00–21.30</td><td>samostatné odjezdy z vinárny U Královny Elišky do hotelu AVANTI</td></tr></tbody></table></figure>



<h3 class="wp-block-heading has-text-align-left">Středa 18. 3. 2026</h3>



<figure class="wp-block-table"><table class="has-fixed-layout"><tbody><tr><td>8.30–9.45</td><td>snídaně formou švédských stolů v&nbsp;hotelu AVANTI</td></tr><tr><td>do 10.00</td><td>vyklizení pokojů (neplatí pro pokračující v kat. P)</td></tr><tr><td>10.15</td><td>společný odjezd autobusem na místo vyhlášení</td></tr><tr><td>11.00</td><td>vyhlášení výsledků ve Sněmovním sále města Brna</td></tr><tr><td>po skončení</td><td>samostatný odjezd účastníků, kteří nepokračují kat. P</td></tr></tbody></table></figure>



<p class="has-text-align-center">&nbsp;&nbsp;</p>
</div>



<div class="wp-block-column is-layout-flow wp-block-column-is-layout-flow">
<h2 class="wp-block-heading" id="kategoriep">Program kategorie P</h2>



<h3 class="wp-block-heading has-text-align-left">Středa 18. 3. 2026</h3>



<figure class="wp-block-table"><table class="has-fixed-layout"><tbody><tr><td>13.00–14.00</td><td>oběd v hotelu AVANTI (pouze pro účastníky kat. A i P)</td></tr><tr><td>14.00–18.00</td><td>prezence nově příchozích v kat. P v&nbsp;hotelu AVANTI</td></tr><tr><td>18.10</td><td>představení soutěže v hotelu AVANTI</td></tr><tr><td>18.40</td><td>společný odjezd autobusu od hotelu na hvězdárnu</td></tr><tr><td>19.00–21.30</td><td>hvězdárna – slavnostní zahájení a&nbsp;následný raut</td></tr><tr><td>21.30</td><td>společný odjezd autobusu z&nbsp;hvězdárny do hotelu AVANTI</td></tr></tbody></table></figure>



<h3 class="wp-block-heading has-text-align-left" id="kategorieakomise">Čtvrtek 19. 3. 2026</h3>



<figure class="wp-block-table"><table class="has-fixed-layout"><tbody><tr><td>7.00–8.15</td><td>snídaně formou švédských stolů v&nbsp;hotelu AVANTI</td></tr><tr><td>8.30–13.00</td><td>vlastní soutěž v prostorách hotelu AVANTI</td></tr><tr><td>13.00–14.00</td><td>oběd v hotelu AVANTI</td></tr><tr><td>14.00</td><td>opravy řešitelských protokolů na pokojích opravovatelů</td></tr><tr><td>14.15</td><td>společný odchod na prohlídku města Brna s průvodci</td></tr><tr><td>17.30</td><td>večeře v hotelu AVANTI</td></tr><tr><td>18.00</td><td>společný odchod soutěžících na FI MUNI</td></tr><tr><td>18.15–20.30</td><td>cvičná praxe soutěžících v soutěžním rozhraní</td></tr><tr><td>20.30</td><td>samostatný odchod soutěžících do hotelu AVANTI</td></tr></tbody></table></figure>



<h3 class="wp-block-heading has-text-align-left">Pátek 20. 3. 2026</h3>



<figure class="wp-block-table"><table class="has-fixed-layout"><tbody><tr><td>7.00–7.45</td><td>snídaně formou švédských stolů v&nbsp;hotelu AVANTI</td></tr><tr><td>do 8.00</td><td>vyklizení pokojů v hotelu AVANTI <strong>(POZOR ZMĚNA)</strong></td></tr><tr><td>8.05</td><td>společný odchod <strong>SE VŠEMI ZAVAZADLY</strong> na FI MUNI na praktickou část soutěže <strong>(POZOR ZMĚNA)</strong></td></tr><tr><td>8.30–13.00</td><td>vlastní soutěž na FI MUNI – praktická část</td></tr><tr><td>13.00</td><td>samostatný odchod soutěžících zpět do hotelu</td></tr><tr><td>13.15</td><td>oběd v hotelu AVANTI</td></tr><tr><td>13.45</td><td>samostatný odchod na FI MUNI</td></tr><tr><td>14.00</td><td>prohlédnutí výsledků praktické části</td></tr><tr><td>14.30</td><td>program pro soutěžící na FI MUNI</td></tr><tr><td>15.30</td><td>vyhlášení výsledků v budově FI MUNI</td></tr><tr><td>po skončení</td><td>samostatný odjezd účastníků</td></tr></tbody></table></figure>
</div>
</div>

<p>Program kategorie A Neděle 15. 3. 2026 14.00–18.00 prezence v hotelu AVANTI 18.30 společný odjezd autobusu od hotelu na hvězdárnu 19.00–22.30 hvězdárna – slavnostní zahájení a&nbsp;následný raut 21.30 odjezd autobusu se soutěžícími z&nbsp;hvězdárny do hotelu 22.30 odjezd autobusu s hosty z rautu do hotelu Pondělí 16. 3. 2026 7.00–8.15 snídaně formou švédských stolů v&nbsp;hotelu AVANTI [&hellip;]</p>
